{"id":11543,"date":"2020-11-09T15:21:50","date_gmt":"2020-11-09T21:21:50","guid":{"rendered":"http:\/\/hecelchakan.gob.mx\/?page_id=11543"},"modified":"2024-11-04T11:14:45","modified_gmt":"2024-11-04T17:14:45","slug":"recomendaciones-generales-al-ayuntamiento","status":"publish","type":"page","link":"https:\/\/www.hecelchakan.gob.mx\/hecelchakan\/recomendaciones-generales-al-ayuntamiento\/","title":{"rendered":""},"content":{"rendered":"<table>\n<tbody>\n<tr>\n<td style=\"text-align: center;\" colspan=\"4\" bgcolor=\"ORANGE\">\n<h4><span style=\"color: #ffffff;\">RECOMENDACIONES DE DERECHOS HUMANOS AL H. AYUNTAMIENTO DE HECELCHAK\u00c1N.<\/span><\/h4>\n<\/td>\n<\/tr>\n<tr>\n<td>\n<h5 style=\"text-align: center;\"><a href=\"https:\/\/www.hecelchakan.gob.mx\/hecelchakan\/wp-content\/uploads\/2020\/11\/Recomendaci\u00f3n-1-emitida-al-H.-Ayuntamiento-por-la-CODHECAM.pdf\"><img loading=\"lazy\" decoding=\"async\" class=\"alignnone wp-image-8420 \" src=\"https:\/\/www.hecelchakan.gob.mx\/hecelchakan\/wp-content\/uploads\/2019\/09\/Pdf_by_mimooh.svg_-e1568736408658.png\" alt=\"\" width=\"21\" height=\"22\"><\/a><br><strong><a href=\"https:\/\/www.hecelchakan.gob.mx\/hecelchakan\/wp-content\/uploads\/2020\/11\/Recomendaci\u00f3n-1-emitida-al-H.-Ayuntamiento-por-la-CODHECAM.pdf\">Recomendaci\u00f3n 1 emitida al H. Ayuntamiento por la CODHECAM&nbsp;<\/a><\/strong><\/h5>\n<\/td>\n<td>\n<h5 style=\"text-align: center;\"><a href=\"https:\/\/www.hecelchakan.gob.mx\/hecelchakan\/wp-content\/uploads\/2020\/11\/Recomendaci\u00f3n-2-emitida-al-H.-Ayuntamiento-por-la-CODHECAM.pdf\"><img loading=\"lazy\" decoding=\"async\" class=\"alignnone wp-image-8420 \" src=\"https:\/\/www.hecelchakan.gob.mx\/hecelchakan\/wp-content\/uploads\/2019\/09\/Pdf_by_mimooh.svg_-e1568736408658.png\" alt=\"\" width=\"21\" height=\"22\"><\/a><br><strong><a href=\"https:\/\/www.hecelchakan.gob.mx\/hecelchakan\/wp-content\/uploads\/2020\/11\/Recomendaci\u00f3n-2-emitida-al-H.-Ayuntamiento-por-la-CODHECAM.pdf\">Recomendaci\u00f3n 2 emitida al H. Ayuntamiento por la CODHECAM&nbsp;<\/a><\/strong><\/h5>\n<\/td>\n<\/tr>\n<tr>\n<td style=\"text-align: center;\" colspan=\"2\">\n<h5><strong>\u00ab<a href=\"https:\/\/www.hecelchakan.gob.mx\/hecelchakan\/wp-content\/uploads\/2021\/11\/2021_JURIDICO_1122_Recomendaciones-emitidas.pdf\">Recomendaci\u00f3n emitida al H. Ayuntamiento de Hecelchak\u00e1n por la CODHECAM, por violaciones a derechos humanos en agravio de las ni\u00f1as, ni\u00f1os y adolescentes que presenciaron los eventos taurinos de los d\u00edas 5 al 7 de enero de 2019, en la localidad de Poc- Boc, Hecelchak\u00e1n\u00bb<\/a><\/strong><\/h5>\n<\/td>\n<\/tr>\n<\/tbody>\n<\/table>\n\n\n<p><\/p>\n","protected":false},"excerpt":{"rendered":"<p>RECOMENDACIONES DE DERECHOS HUMANOS AL H. AYUNTAMIENTO DE HECELCHAK\u00c1N. Recomendaci\u00f3n 1 emitida al H. Ayuntamiento por la CODHECAM&nbsp; Recomendaci\u00f3n 2 emitida al H. Ayuntamiento por la CODHECAM&nbsp; \u00abRecomendaci\u00f3n emitida al H. Ayuntamiento de Hecelchak\u00e1n por la CODHECAM, por violaciones a derechos humanos en agravio de las ni\u00f1as, ni\u00f1os y adolescentes que presenciaron los eventos taurinos [&hellip;]<\/p>\n","protected":false},"author":1,"featured_media":0,"parent":0,"menu_order":0,"comment_status":"closed","ping_status":"closed","template":"","meta":{"ngg_post_thumbnail":0,"footnotes":""},"class_list":["post-11543","page","type-page","status-publish","hentry"],"_links":{"self":[{"href":"https:\/\/www.hecelchakan.gob.mx\/hecelchakan\/wp-json\/wp\/v2\/pages\/11543","targetHints":{"allow":["GET"]}}],"collection":[{"href":"https:\/\/www.hecelchakan.gob.mx\/hecelchakan\/wp-json\/wp\/v2\/pages"}],"about":[{"href":"https:\/\/www.hecelchakan.gob.mx\/hecelchakan\/wp-json\/wp\/v2\/types\/page"}],"author":[{"embeddable":true,"href":"https:\/\/www.hecelchakan.gob.mx\/hecelchakan\/wp-json\/wp\/v2\/users\/1"}],"replies":[{"embeddable":true,"href":"https:\/\/www.hecelchakan.gob.mx\/hecelchakan\/wp-json\/wp\/v2\/comments?post=11543"}],"version-history":[{"count":15,"href":"https:\/\/www.hecelchakan.gob.mx\/hecelchakan\/wp-json\/wp\/v2\/pages\/11543\/revisions"}],"predecessor-version":[{"id":23616,"href":"https:\/\/www.hecelchakan.gob.mx\/hecelchakan\/wp-json\/wp\/v2\/pages\/11543\/revisions\/23616"}],"wp:attachment":[{"href":"https:\/\/www.hecelchakan.gob.mx\/hecelchakan\/wp-json\/wp\/v2\/media?parent=11543"}],"curies":[{"name":"wp","href":"https:\/\/api.w.org\/{rel}","templated":true}]}}