{"id":15273,"date":"2021-12-14T13:36:53","date_gmt":"2021-12-14T19:36:53","guid":{"rendered":"http:\/\/hecelchakan.gob.mx\/?page_id=15273"},"modified":"2025-06-26T11:26:40","modified_gmt":"2025-06-26T17:26:40","slug":"organo-interno-de-control","status":"publish","type":"page","link":"https:\/\/www.hecelchakan.gob.mx\/hecelchakan\/organo-interno-de-control\/","title":{"rendered":"\u00d3RGANO INTERNO DE CONTROL"},"content":{"rendered":"<div class=\"wp-block-image\">\n<figure class=\"aligncenter size-large\"><img loading=\"lazy\" decoding=\"async\" width=\"510\" height=\"680\" src=\"https:\/\/www.hecelchakan.gob.mx\/hecelchakan\/wp-content\/uploads\/2025\/06\/Cartel-informativo-Proyecto-Creativo-Notas-Doodle-Rosa-Negro-510x680.jpg\" alt=\"\" class=\"wp-image-26239\" srcset=\"https:\/\/www.hecelchakan.gob.mx\/hecelchakan\/wp-content\/uploads\/2025\/06\/Cartel-informativo-Proyecto-Creativo-Notas-Doodle-Rosa-Negro-510x680.jpg 510w, https:\/\/www.hecelchakan.gob.mx\/hecelchakan\/wp-content\/uploads\/2025\/06\/Cartel-informativo-Proyecto-Creativo-Notas-Doodle-Rosa-Negro-225x300.jpg 225w, https:\/\/www.hecelchakan.gob.mx\/hecelchakan\/wp-content\/uploads\/2025\/06\/Cartel-informativo-Proyecto-Creativo-Notas-Doodle-Rosa-Negro-768x1024.jpg 768w, https:\/\/www.hecelchakan.gob.mx\/hecelchakan\/wp-content\/uploads\/2025\/06\/Cartel-informativo-Proyecto-Creativo-Notas-Doodle-Rosa-Negro-1152x1536.jpg 1152w, https:\/\/www.hecelchakan.gob.mx\/hecelchakan\/wp-content\/uploads\/2025\/06\/Cartel-informativo-Proyecto-Creativo-Notas-Doodle-Rosa-Negro-1536x2048.jpg 1536w, https:\/\/www.hecelchakan.gob.mx\/hecelchakan\/wp-content\/uploads\/2025\/06\/Cartel-informativo-Proyecto-Creativo-Notas-Doodle-Rosa-Negro.jpg 1728w\" sizes=\"auto, (max-width: 510px) 100vw, 510px\" \/><\/figure><\/div>\n\n\n<hr class=\"wp-block-separator has-alpha-channel-opacity\"\/>\n\n\n\n<div class=\"wp-block-columns is-layout-flex wp-container-core-columns-is-layout-9d6595d7 wp-block-columns-is-layout-flex\">\n<div class=\"wp-block-column is-layout-flow wp-block-column-is-layout-flow\">\n<div class=\"wp-block-buttons is-layout-flex wp-block-buttons-is-layout-flex\">\n<div class=\"wp-block-button is-style-outline is-style-outline--1\"><a class=\"wp-block-button__link has-luminous-vivid-orange-color has-white-background-color has-text-color has-background has-link-color wp-element-button\" style=\"border-radius:11px\">DECLARANET<\/a><\/div>\n<\/div>\n<\/div>\n\n\n\n<div class=\"wp-block-column is-layout-flow wp-block-column-is-layout-flow\"><\/div>\n\n\n\n<div class=\"wp-block-column is-layout-flow wp-block-column-is-layout-flow\">\n<div class=\"wp-block-buttons is-layout-flex wp-block-buttons-is-layout-flex\">\n<div class=\"wp-block-button is-style-outline is-style-outline--2\"><a class=\"wp-block-button__link has-luminous-vivid-orange-color has-white-background-color has-text-color has-background has-link-color wp-element-button\" style=\"border-radius:11px\">RECOMENDACIONES A DERECHOS HUMANOS<\/a><\/div>\n<\/div>\n<\/div>\n<\/div>\n\n\n<h4 style=\"text-align: center;\"><span style=\"color: #000000;\"><em><strong>Correo para denuncias, quejas o informaci\u00f3n que considera se deba saber<\/strong><\/em><\/span><\/h4>\n<p style=\"text-align: center;\"><a class=\"fasc-button fasc-size-large fasc-type-glossy fasc-rounded-medium fasc-style-bold fasc-style-italic\" style=\"background-color: #ff8e4c; color: #ffffff;\">Contraloria2427@hecelchakan.gob.mx<\/a><\/p>\n<h3 class=\"has-text-align-center\" style=\"text-align: center;\"><strong><span style=\"color: #000000;\">Lic. Jos\u00e9 Alonso Sagundo Rodr\u00edguez.<\/span><br><\/strong><span style=\"color: #000000;\"><strong>Titular del \u00d3rgano Interno de Control <\/strong><\/span><span style=\"color: #000000;\"><strong>2024-2027<\/strong><\/span><\/h3>\n<h3 class=\"has-text-align-center\" style=\"text-align: center;\"><strong><span style=\"color: #000000;\">Horario de Atenci\u00f3n: 8:00 am &#8211; 3:00 pm<\/span><\/strong><\/h3>\n\n\n<p><\/p>\n","protected":false},"excerpt":{"rendered":"<p>Correo para denuncias, quejas o informaci\u00f3n que considera se deba saber Contraloria2427@hecelchakan.gob.mx Lic. Jos\u00e9 Alonso Sagundo Rodr\u00edguez.Titular del \u00d3rgano Interno de Control 2024-2027 Horario de Atenci\u00f3n: 8:00 am &#8211; 3:00 pm<\/p>\n","protected":false},"author":1,"featured_media":22422,"parent":0,"menu_order":0,"comment_status":"closed","ping_status":"closed","template":"","meta":{"ngg_post_thumbnail":0,"footnotes":""},"class_list":["post-15273","page","type-page","status-publish","has-post-thumbnail","hentry"],"_links":{"self":[{"href":"https:\/\/www.hecelchakan.gob.mx\/hecelchakan\/wp-json\/wp\/v2\/pages\/15273","targetHints":{"allow":["GET"]}}],"collection":[{"href":"https:\/\/www.hecelchakan.gob.mx\/hecelchakan\/wp-json\/wp\/v2\/pages"}],"about":[{"href":"https:\/\/www.hecelchakan.gob.mx\/hecelchakan\/wp-json\/wp\/v2\/types\/page"}],"author":[{"embeddable":true,"href":"https:\/\/www.hecelchakan.gob.mx\/hecelchakan\/wp-json\/wp\/v2\/users\/1"}],"replies":[{"embeddable":true,"href":"https:\/\/www.hecelchakan.gob.mx\/hecelchakan\/wp-json\/wp\/v2\/comments?post=15273"}],"version-history":[{"count":20,"href":"https:\/\/www.hecelchakan.gob.mx\/hecelchakan\/wp-json\/wp\/v2\/pages\/15273\/revisions"}],"predecessor-version":[{"id":26242,"href":"https:\/\/www.hecelchakan.gob.mx\/hecelchakan\/wp-json\/wp\/v2\/pages\/15273\/revisions\/26242"}],"wp:featuredmedia":[{"embeddable":true,"href":"https:\/\/www.hecelchakan.gob.mx\/hecelchakan\/wp-json\/wp\/v2\/media\/22422"}],"wp:attachment":[{"href":"https:\/\/www.hecelchakan.gob.mx\/hecelchakan\/wp-json\/wp\/v2\/media?parent=15273"}],"curies":[{"name":"wp","href":"https:\/\/api.w.org\/{rel}","templated":true}]}}