{"id":2854,"date":"2017-08-03T19:30:34","date_gmt":"2017-08-03T19:30:34","guid":{"rendered":"http:\/\/hecelchakan.gob.mx\/?page_id=2854"},"modified":"2019-07-08T15:45:10","modified_gmt":"2019-07-08T15:45:10","slug":"cuenta-publica-2016-2","status":"publish","type":"page","link":"https:\/\/www.hecelchakan.gob.mx\/hecelchakan\/cuenta-publica-2016-2\/","title":{"rendered":"Cuenta Publica 2016"},"content":{"rendered":"<p>&nbsp;<\/p>\n<table border=\"2px\">\n<tbody>\n<tr>\n<td bgcolor=\"04A5FB\" width=\"80%\"><b>H. Ayuntamiento del Municipio de Hecelchak\u00e1n&nbsp;<\/b><\/td>\n<td colspan=\"12\" bgcolor=\"04A5FB\" width=\"100%\"><strong>A\u00f1o<\/strong><\/td>\n<\/tr>\n<tr>\n<td bgcolor=\"04FBCE\" width=\"50%\"><strong>Informaci\u00f3n&nbsp;Contable<\/strong><\/td>\n<td colspan=\"4\" bgcolor=\"04FBCE\" width=\"50%\"><b>2016<\/b><\/td>\n<\/tr>\n<tr>\n<td>Estado de Actividades<\/td>\n<td><a href=\"https:\/\/www.hecelchakan.gob.mx\/hecelchakan\/wp-content\/uploads\/2016\/04\/Escaneo0035.pdf\">PDF 1<\/a><\/td>\n<\/tr>\n<tr>\n<td>Estado de la&nbsp;Situaci\u00f3n&nbsp;Financiera<\/td>\n<td><a href=\"https:\/\/www.hecelchakan.gob.mx\/hecelchakan\/wp-content\/uploads\/2016\/04\/Escaneo0039.pdf\">PDF 2<\/a><\/td>\n<\/tr>\n<tr>\n<td>Estado de&nbsp;Variaci\u00f3n&nbsp;en la hacienda publica<\/td>\n<td><a href=\"https:\/\/www.hecelchakan.gob.mx\/hecelchakan\/wp-content\/uploads\/2016\/04\/Escaneo0040.pdf\">PDF 3<\/a><\/td>\n<\/tr>\n<tr>\n<td>Estado de&nbsp;Variaci\u00f3n&nbsp;en la&nbsp;Situaci\u00f3n&nbsp;Financiera<\/td>\n<td><a href=\"https:\/\/www.hecelchakan.gob.mx\/hecelchakan\/wp-content\/uploads\/2016\/04\/Escaneo0036.pdf\">PDF 4<\/a><\/td>\n<\/tr>\n<tr>\n<td>Estados de Flujo de Efectivo<\/td>\n<td><a href=\"https:\/\/www.hecelchakan.gob.mx\/hecelchakan\/wp-content\/uploads\/2016\/04\/Escaneo0037.pdf\">PDF 5<\/a><\/td>\n<\/tr>\n<tr>\n<td>Informes sobre Pasivos Contingentes<\/td>\n<td><strong>&nbsp;PDF 6<\/strong><\/td>\n<\/tr>\n<tr>\n<td>Notas a los Estados Financieros<\/td>\n<td><strong> PDF 7<\/strong><\/td>\n<\/tr>\n<tr>\n<td>Estado Anal\u00edtico del Activo<\/td>\n<td><a href=\"https:\/\/www.hecelchakan.gob.mx\/hecelchakan\/wp-content\/uploads\/2016\/04\/Escaneo0034.pdf\">PDF 8<\/a><\/td>\n<\/tr>\n<tr>\n<td>Estado Anal\u00edtico de la Deuda y otras Pasivos<\/td>\n<td><a href=\"https:\/\/www.hecelchakan.gob.mx\/hecelchakan\/wp-content\/uploads\/2016\/04\/Escaneo0033.pdf\">PDF 9<\/a><\/td>\n<\/tr>\n<tr>\n<td>&nbsp;~<\/td>\n<td><strong>&nbsp;~<\/strong><\/td>\n<\/tr>\n<tr>\n<td bgcolor=\"04FBCE\" width=\"50%\"><b>Informaci\u00f3n&nbsp;Presupuestaria<\/b><\/td>\n<td colspan=\"\" bgcolor=\"04FBCE\" width=\"50%\">&nbsp;<\/td>\n<\/tr>\n<tr>\n<td>Estado Anal\u00edtico de Ingresos<\/td>\n<td><a href=\"https:\/\/www.hecelchakan.gob.mx\/hecelchakan\/wp-content\/uploads\/2017\/08\/Estado_anal\u00edtico_de_ingresos_31122016.pdf\">PDF 10<\/a><\/td>\n<\/tr>\n<tr>\n<td>Estado Anal\u00edtico del Ejercicio del Presupuesto<\/td>\n<td><strong>&nbsp;<\/strong><\/td>\n<\/tr>\n<tr>\n<td>Clasificaci\u00f3n Administrativa<\/td>\n<td><a href=\"https:\/\/www.hecelchakan.gob.mx\/hecelchakan\/wp-content\/uploads\/2016\/04\/Escaneo0025.pdf\">PDF 11<\/a><\/td>\n<\/tr>\n<tr>\n<td>&nbsp;Clasificaci\u00f3n Econ\u00f3mica (Por Tipo de Gasto)<\/td>\n<td><a href=\"https:\/\/www.hecelchakan.gob.mx\/hecelchakan\/wp-content\/uploads\/2016\/04\/Escaneo0026.pdf\">PDF 12<\/a><\/td>\n<\/tr>\n<tr>\n<td>&nbsp;Clasificaci\u00f3n por Objeto de Gasto (Capitulo y Concepto)<\/td>\n<td><a href=\"https:\/\/www.hecelchakan.gob.mx\/hecelchakan\/wp-content\/uploads\/2016\/04\/Escaneo0028.pdf\">PDF 13<\/a><\/td>\n<\/tr>\n<tr>\n<td>&nbsp;Clasificaci\u00f3n Funcional (Finalidad y Funci\u00f3n)<\/td>\n<td><a href=\"https:\/\/www.hecelchakan.gob.mx\/hecelchakan\/wp-content\/uploads\/2016\/04\/Escaneo0027.pdf\">PDF 14<\/a><\/td>\n<\/tr>\n<tr>\n<td>&nbsp;Endeudamiento Neto<\/td>\n<td><a href=\"https:\/\/www.hecelchakan.gob.mx\/hecelchakan\/wp-content\/uploads\/2016\/04\/Escaneo0030.pdf\">PDF 15<\/a><\/td>\n<\/tr>\n<tr>\n<td>&nbsp;Intereses de la Deuda<\/td>\n<td><a href=\"https:\/\/www.hecelchakan.gob.mx\/hecelchakan\/wp-content\/uploads\/2016\/04\/Escaneo0042.pdf\">PDF 16<\/a><\/td>\n<\/tr>\n<tr>\n<td>&nbsp;Flujo de Fondos<\/td>\n<td><strong>&nbsp;PDF 17<\/strong><\/td>\n<\/tr>\n<tr>\n<td>&nbsp;~<\/td>\n<td>&nbsp;~<\/td>\n<\/tr>\n<tr>\n<td bgcolor=\"04FBCE\" width=\"50%\"><strong>Informaci\u00f3n&nbsp;<\/strong><b>Program\u00e1tica<\/b><\/td>\n<td bgcolor=\"04FBCE\" width=\"50%\"><strong>&nbsp;<\/strong><\/td>\n<\/tr>\n<tr>\n<td>Gasto por Categor\u00eda Program\u00e1tica<\/td>\n<td><a href=\"https:\/\/www.hecelchakan.gob.mx\/hecelchakan\/wp-content\/uploads\/2016\/04\/Escaneo0041.pdf\">PDF 18<\/a><\/td>\n<\/tr>\n<tr>\n<td>Programas y Proyecci\u00f3n de Inversi\u00f3n<\/td>\n<td><strong>&nbsp;PDF 19<\/strong><\/td>\n<\/tr>\n<tr>\n<td>Indicadores de Resultados<\/td>\n<td><strong>&nbsp;PDF 20<\/strong><\/td>\n<\/tr>\n<tr>\n<td>&nbsp;~<\/td>\n<td><strong>~&nbsp;<\/strong><\/td>\n<\/tr>\n<tr>\n<td>&nbsp;<\/td>\n<td colspan=\"4\">&nbsp;<\/td>\n<\/tr>\n<tr>\n<td bgcolor=\"04FBCE\" width=\"50%\"><strong>Anexos<\/strong><\/td>\n<td bgcolor=\"04FBCE\" width=\"50%\"><strong>&nbsp;<\/strong><\/td>\n<\/tr>\n<tr>\n<td>Relaci\u00f3n de Bienes Muebles que Componen el Patrimonio del Ente Publico<\/td>\n<td><strong> PDF 21<\/strong><\/td>\n<\/tr>\n<tr>\n<td>Relaci\u00f3n de Bienes Inmuebles que componen el patrimonio del Ente Publico<\/td>\n<td><a href=\"https:\/\/www.hecelchakan.gob.mx\/hecelchakan\/wp-content\/uploads\/2016\/04\/Bienes-inmuebles.pdf\">PDF 22<\/a><\/td>\n<\/tr>\n<tr>\n<td>Relaci\u00f3n de Cuentas Bancarias Productivas Espec\u00edficas<\/td>\n<td><a href=\"https:\/\/www.hecelchakan.gob.mx\/hecelchakan\/wp-content\/uploads\/2017\/11\/Relacion-de-Cuentas-Bancarias-2017.pdf\">PDF 23<\/a><\/td>\n<\/tr>\n<tr>\n<td>Formato del Ejercicio y Destino de Gasto Federalizado y Reintegros<\/td>\n<td><a href=\"https:\/\/www.hecelchakan.gob.mx\/hecelchakan\/wp-content\/uploads\/2017\/11\/NORMA-ANUAL-2016.pdf\">PDF 24<\/a><\/td>\n<\/tr>\n<tr>\n<td>Indicadores de Postura Fiscal<\/td>\n<td><strong> <a href=\"https:\/\/www.hecelchakan.gob.mx\/hecelchakan\/wp-content\/uploads\/2016\/04\/Escaneo0043.pdf\">PDF 25<\/a><\/strong><\/td>\n<\/tr>\n<tr>\n<td><strong>Estado Anal\u00edtico&nbsp;del Presupuesto de Egresos Detallado LDF Clas Admi<\/strong><\/td>\n<td><a href=\"https:\/\/www.hecelchakan.gob.mx\/hecelchakan\/wp-content\/uploads\/2016\/04\/Escaneo0044.pdf\">PDF 26<\/a><\/td>\n<\/tr>\n<tr>\n<td>Estado Analitico del Presupuesto de Egresos Detallado Capitulo y Concepto<\/td>\n<td><strong> <a href=\"https:\/\/www.hecelchakan.gob.mx\/hecelchakan\/wp-content\/uploads\/2016\/04\/Escaneo0045.pdf\">PDF 27<\/a><\/strong><\/td>\n<\/tr>\n<tr>\n<td>Informe Analitico de la Deuda y Otros Pasivos<\/td>\n<td><strong> <a href=\"https:\/\/www.hecelchakan.gob.mx\/hecelchakan\/wp-content\/uploads\/2016\/04\/Escaneo0047.pdf\">PDF 28<\/a><\/strong><\/td>\n<\/tr>\n<tr>\n<td>Concilici\u00f3n entre los Egresos Presupuestarios y Los Gastos Contables<\/td>\n<td><a href=\"https:\/\/www.hecelchakan.gob.mx\/hecelchakan\/wp-content\/uploads\/2017\/08\/conciliacion-de-gastos-presupuestales.pdf\">PDF 29<\/a><\/td>\n<\/tr>\n<tr>\n<td>Conciliaci\u00f3n Entre los Ingresos Presupuestarios y los Contables&nbsp;<\/td>\n<td colspan=\"4\"><a href=\"https:\/\/www.hecelchakan.gob.mx\/hecelchakan\/wp-content\/uploads\/2017\/08\/conciliacion-de-ingresos-presupuestales-y-contable.pdf\">PDF 30<\/a><\/td>\n<\/tr>\n<tr>\n<td><b>Cuenta&nbsp;<\/b><\/td>\n<td><strong>&nbsp;Cuenta &nbsp;publica<\/strong><\/td>\n<\/tr>\n<\/tbody>\n<\/table>\n<p>&nbsp;<\/p>\n","protected":false},"excerpt":{"rendered":"<p>&nbsp; H. Ayuntamiento del Municipio de Hecelchak\u00e1n&nbsp; A\u00f1o Informaci\u00f3n&nbsp;Contable 2016 Estado de Actividades PDF 1 Estado de la&nbsp;Situaci\u00f3n&nbsp;Financiera PDF 2 Estado de&nbsp;Variaci\u00f3n&nbsp;en la hacienda publica PDF 3 Estado de&nbsp;Variaci\u00f3n&nbsp;en la&nbsp;Situaci\u00f3n&nbsp;Financiera PDF 4 Estados de Flujo de Efectivo PDF 5 Informes sobre Pasivos Contingentes &nbsp;PDF 6 Notas a los Estados Financieros PDF 7 Estado Anal\u00edtico del [&hellip;]<\/p>\n","protected":false},"author":1,"featured_media":0,"parent":0,"menu_order":0,"comment_status":"closed","ping_status":"closed","template":"","meta":{"ngg_post_thumbnail":0,"footnotes":""},"class_list":["post-2854","page","type-page","status-publish","hentry"],"_links":{"self":[{"href":"https:\/\/www.hecelchakan.gob.mx\/hecelchakan\/wp-json\/wp\/v2\/pages\/2854","targetHints":{"allow":["GET"]}}],"collection":[{"href":"https:\/\/www.hecelchakan.gob.mx\/hecelchakan\/wp-json\/wp\/v2\/pages"}],"about":[{"href":"https:\/\/www.hecelchakan.gob.mx\/hecelchakan\/wp-json\/wp\/v2\/types\/page"}],"author":[{"embeddable":true,"href":"https:\/\/www.hecelchakan.gob.mx\/hecelchakan\/wp-json\/wp\/v2\/users\/1"}],"replies":[{"embeddable":true,"href":"https:\/\/www.hecelchakan.gob.mx\/hecelchakan\/wp-json\/wp\/v2\/comments?post=2854"}],"version-history":[{"count":7,"href":"https:\/\/www.hecelchakan.gob.mx\/hecelchakan\/wp-json\/wp\/v2\/pages\/2854\/revisions"}],"predecessor-version":[{"id":7186,"href":"https:\/\/www.hecelchakan.gob.mx\/hecelchakan\/wp-json\/wp\/v2\/pages\/2854\/revisions\/7186"}],"wp:attachment":[{"href":"https:\/\/www.hecelchakan.gob.mx\/hecelchakan\/wp-json\/wp\/v2\/media?parent=2854"}],"curies":[{"name":"wp","href":"https:\/\/api.w.org\/{rel}","templated":true}]}}